b + 0 = -2*o + 4, 0 = 3*b + 2*o - 16. Suppose 2*j - b + 19 = p, 3 = 3*p. Let c = 10 + j. What is the remainder when 6 is divided by c?
2
Let n(a) = -a**3 + 7*a**2 + 8*a + 6. Suppose 3*c + 5*u - 44 = 0, 3*c + 2*u - 6*u - 89 = 0. Calculate the remainder when c is divided by n(8).
5
Let n(r) = -r**3 + 5*r**2 + 6*r - 7. Suppose -d - 4*b + 1 = 0, b = -4*d - 5 + 24. Calculate the remainder when 67 is divided by n(d).
21
Suppose -4*m - 106 - 118 = 4*g, 3*g + m + 172 = 0. Let b = 84 + g. Calculate the remainder when b is divided by (14/3)/(8/24).
12
Let q = 65 - 38. Calculate the remainder when q is divided by 10.
7
Let a = -23 + 32. Let t = 12 + -4. Let p = 34 - t. What is the remainder when p is divided by a?
8
Suppose 2*v + 21 = 9*v. What is the remainder when 11 is divided by v?
2
Suppose 2*j - 12 = -5*p, 3*j - 5*p + 3*p = -1. What is the remainder when 1 is divided by j?
0
Let l = 18 + -10. Let m = 0 - -3. Suppose m*t - 66 = -4*o, o = t - o - 22. Calculate the remainder when t is divided by l.
6
Suppose 2*s - 108 = 20. Suppose 0 = q + q - s. What is the remainder when q is divided by (2/4)/((-1)/(-22))?
10
Let v(m) = m**3 + 13*m**2 + 10*m + 2. What is the remainder when 154 is divided by v(-12)?
24
Let q = 14 + -9. Suppose -4 = -0*j - j. Suppose -j*t + q = -3*t + a, -5 = -t - 2*a. What is the remainder when t is divided by 3?
2
Suppose -4*g + 3*v + 61 = 6*v, -42 = -3*g - v. What is the remainder when 51 is divided by g?
12
Suppose 4*x - 4*z + 9*z = 78, 32 = 2*x - z. Calculate the remainder when x is divided by 5.
2
Suppose 5*g + 2*u = 660, 3*g - u - 412 = u. Calculate the remainder when g is divided by 27.
26
Let x = -1 - 16. Let f = 60 + x. Calculate the remainder when f is divided by 15.
13
Suppose -2*w - 3*n = -41 + 16, -4*w - 2*n + 38 = 0. Suppose 2*j - w = 0, j - 17 = -0*r - r. Calculate the remainder when 25 is divided by r.
12
Suppose 4*l - 2*l - 14 = 0. Let f(d) = 97*d - 95*d - 9 + 1. Calculate the remainder when 16 is divided by f(l).
4
Suppose 2*g - 6 = -5*p - 31, -5*g - 4*p - 37 = 0. Let u = 3 - g. Let x = 11 - -3. What is the remainder when x is divided by u?
6
Suppose 0 = -0*p + 3*p - 39. Calculate the remainder when 51 is divided by p.
12
Let q(g) = g**2 + 11*g - 7. Let a be q(-12). Suppose 0*i - a*i + 60 = 0. Let m(y) = y**3 - 2*y**2 + 4*y - 3. Calculate the remainder when i is divided by m(2).
2
Let i be 41 + 2 - (-5 - -3). Suppose -i - 48 = 3*q. Let k = q + 46. Calculate the remainder when 28 is divided by k.
13
Suppose b - 3*b + 5*h + 12 = 0, -2*b = -2*h - 6. Calculate the remainder when 26 is divided by -3 + -3 + b + 19.
12
Suppose 73*g - 585 = 68*g. What is the remainder when g is divided by 33?
18
Let u(h) = -h**2 + 23. Let m be u(0). Suppose 0 = 3*w - 34 - m. What is the remainder when 56 is divided by w?
18
Suppose 0 = 5*r - 10, 3*r + 0 + 10 = 4*m. Suppose -5*u + 8 = -2*j + 3, -m*j - 5*u + 35 = 0. Let x(g) = -g - 6. What is the remainder when j is divided by x(-8)?
1
Calculate the remainder when 52 is divided by (-1)/(-1) + 39 + -13.
25
Let o(j) be the first derivative of -41*j**4/4 - j**2/2 - j - 2. Calculate the remainder when o(-1) is divided by 11.
8
Let k(p) = 5*p - 7. Calculate the remainder when 102/(-3)*(-2)/2 is divided by k(5).
16
Let k(x) = x**2 + x + 16. What is the remainder when k(-12) is divided by 30?
28
Suppose -5*p = -0*r - 5*r + 30, -2 = 5*r + 3*p. Suppose -3*f + 6 + 1 = -4*k, r*f = k + 8. Calculate the remainder when 9 is divided by f.
4
Suppose 13*t - 91 = 6*t. Suppose 2*u + 0*u - 48 = 0. What is the remainder when u is divided by t?
11
Let r = 6 - 1. Suppose 0*k + 2*k + 80 = 2*m, -15 = r*k. What is the remainder when m is divided by 8?
5
Let k(m) = -m**3 - 3*m**2 - 4. Let n be k(-3). Let l(t) = t**3 + 4*t**2 - t - 2. What is the remainder when 6 is divided by l(n)?
0
Let d(b) = b**3 + 7*b**2 - 4*b - 6. Let j = -2 + 5. Suppose j*i - 8 = -m, -m - 4*i = -9 - 4. What is the remainder when d(m) is divided by 8?
6
Suppose -p = -0*p - 5. Suppose 0 = -2*i + p + 11. Calculate the remainder when 30 is divided by i.
6
Let i(k) = -k + 9. Let b be i(9). Suppose b*s - c - 1 = -s, -5*s = -4*c - 9. What is the remainder when s is divided by 4?
1
Let x(b) = 30*b**2 + 4*b - 3. What is the remainder when 118 is divided by x(1)?
25
Let j = 0 + 61. Let g(q) = q**3 + q**2 - q + 1. Let f be g(1). Calculate the remainder when j is divided by -2 - (-11*f + -1).
19
Let n = -14 - -31. Calculate the remainder when 30 is divided by n.
13
Suppose 68 = -y - 4*y + 2*x, x - 27 = 2*y. Let b = y - -27. Calculate the remainder when 49 is divided by b.
10
Let y = 13 + -5. Suppose -5*b = -6*b + 15. Calculate the remainder when b is divided by y.
7
Let a(g) = 3*g - 3. Let z be a(2). Suppose -5*l + z*s - 10 = -42, -3*s - 25 = -4*l. Calculate the remainder when 19 is divided by l.
5
Let r = -210 + 298. Suppose -443 = -5*i - r. What is the remainder when i is divided by 24?
23
Let v = 45 + -27. Calculate the remainder when v is divided by 7.
4
Let h(c) be the second derivative of c**3/3 - 3*c**2 + 3*c. Calculate the remainder when 17 is divided by h(6).
5
Suppose 0 = 3*x - 5*x + 28. Calculate the remainder when 27 is divided by x.
13
Suppose 2*k = 7*k. Suppose z - 2*z + 11 = k. Calculate the remainder when 19 is divided by z.
8
Let q(o) = 5*o. Let b = -7 + 9. What is the remainder when 6 - (-2 + -4)/b is divided by q(1)?
4
Suppose 8 = 4*g + 3*x, 3*g = x - 3 + 9. Let j be (15/(-2))/(g/(-20)). Suppose 4*k = -k + j. Calculate the remainder when k is divided by 8.
7
Suppose 0*q = 4*q - 208. What is the remainder when q is divided by (-34)/(-2) + 1 - 0?
16
Suppose 6*f - 4*f = 0. Calculate the remainder when 5 is divided by 4 + 1*(-1 + f).
2
Suppose 0 = -5*q + 4 + 6. Suppose 4*j = -2*c + 36, -j = j + 4*c - 30. What is the remainder when j is divided by q?
1
Let x(d) = -4*d**3 - 3*d**2 - d. What is the remainder when 109 is divided by x(-2)?
21
What is the remainder when 18 is divided by 0/4 - -3*1?
0
Suppose 0 = 5*o - 8*g + 3*g - 85, g = 4*o - 62. Suppose 5*r - 30 = -4*z, 3*r - 18 = 7*z - 4*z. What is the remainder when o is divided by r?
3
Let a be (15 - 3)*(-1)/(-2). Suppose 5*c - 14 = a. Suppose -4*l + 38 = q - 18, 4*l - c*q = 36. Calculate the remainder when 23 is divided by l.
10
Suppose -5*k = 3*x - x - 11, 5 = x + 2*k. Suppose -2*m + 18 = 3*d, -x*m + 0 + 27 = d. What is the remainder when m is divided by 3?
0
Suppose 4*d - d = -15, 3*j - 5*d = 40. Suppose 150 = j*m - 0*m + 5*c, 132 = 5*m - c. What is the remainder when m is divided by 10?
7
Let h = 37 - 18. What is the remainder when 35 is divided by h?
16
Let c(t) = t**3 + 5*t**2 + t + 4. Let l be c(-5). Let d be l/(-3)*(3 + 216). Let u = 104 - d. What is the remainder when u is divided by 11?
9
Let m = -84 + 161. What is the remainder when m is divided by 6?
5
Let v = -18 - -27. Let l(k) be the second derivative of k**4/6 + k**3/2 - 2*k**2 + 2*k. What is the remainder when v is divided by l(-3)?
4
Let v be (-76)/6 + 10/15. Let s = v + 18. What is the remainder when 17 is divided by s?
5
Suppose 1 = -3*s + 4*x + 96, -2*x - 110 = -4*s. Suppose -2*p = -3*v + 226, -3*v + 119 = -v + 5*p. Calculate the remainder when v is divided by s.
22
Suppose -24 = -4*z - 0*z. What is the remainder when 29 is divided by z/3 - (-17 - -2)?
12
Calculate the remainder when 25 is divided by 36/27*(-21)/(-2).
11
Suppose 3*r = 7*r - 52. Let g be (r/(-2))/(6/(-36)). Suppose 0 = -5*t + 4*a + g + 52, 5*t + 2*a - 97 = 0. Calculate the remainder when t is divided by 7.
5
Let u be 14/10 + (-4)/10. Suppose -u - 8 = -a. What is the remainder when a is divided by (1 - 0/(-3))*5?
4
Let f be (-1 + (-1 - -7))*222. Let u be (-2)/(-8) - f/(-8). Let r = -98 + u. What is the remainder when r is divided by 21?
20
Suppose -l = -20 + 2. Calculate the remainder when l is divided by 11.
7
Let s(b) = b**2 - 4*b. Suppose 0*y - 5*y + 55 = 0. Calculate the remainder when s(8) is divided by y.
10
Let i be (-3)/(-18) + 10/12. Let x = -38 + 108. What is the remainder when x is divided by i/(3 - 106/36)?
16
Suppose 0 = j + p - 30 + 4, 0 = -2*j - 5*p + 52. Calculate the remainder when 75 is divided by j.
23
Suppose 0 = -i + 4. Let y be ((i - 1) + -3)/(-2). Suppose -2*u + y*u + 32 = 0. What is the remainder when u is divided by 9?
7
Suppose 